1).
-7
Let a(z) = -z**3 + 3*z**2 + 2*z + 2. Calculate a(4).
-6
Let v(o) = -2*o - 6. Give v(-3).
0
Let h(z) = z**3 - 4*z**2 + 9*z - 7. Determine h(3).
11
Let x(z) = 4*z + 43. What is x(-8)?
11
Let z(s) = s**2 - 26. Calculate z(0).
-26
Let r(t) = -t**3 - 21*t**2 + 44*t - 20. What is r(-23)?
26
Let w(u) = 23*u + 176. Determine w(-7).
15
Let y(x) = -x**3 + 11*x**2 - 16*x + 35. Calculate y(10).
-25
Let c(o) = -17*o + 9. What is c(1)?
-8
Let i(o) = -3*o - 4. What is i(-1)?
-1
Let v(c) = 5*c + 118. What is v(-23)?
3
Let s(d) = -d**2 - 6*d + 35. Calculate s(-6).
35
Let v(f) = -18*f - 183. Calculate v(-10).
-3
Let g(p) = -15*p - 861. Give g(-57).
-6
Let k(j) = j**2 + 26*j + 19. Determine k(-26).
19
Let t(c) = -4*c**2 + 5*c - 2. Give t(-1).
-11
Let f(i) = 2*i**2 - 22*i - 6. Calculate f(11).
-6
Let u(i) = i**2 + 4*i - 42. Give u(-8).
-10
Let q(y) = -y + 1. Determine q(-4).
5
Let h(p) = 7*p + 17. Give h(-4).
-11
Let r(f) = -27*f - 73. Calculate r(-3).
8
Let g(l) = -10*l - 35. Determine g(-15).
115
Let f(m) = -2*m - 1. Give f(-4).
7
Let b(p) = 4*p**2 - 26*p + 11. Give b(6).
-1
Let q(t) = -t**3 - 6*t**2 + 11*t - 12. Give q(-7).
-40
Let j(a) = a**3 + a**2 + 20. What is j(0)?
20
Let q(z) = z**3 + 7*z**2 + 6. Determine q(-7).
6
Let c(v) = 16*v**2 - v + 1. Determine c(1).
16
Let c(i) = -i**3 + 12*i**2 + 14*i + 3. What is c(13)?
16
Let o(n) = -2*n**2 + 39*n + 2. What is o(17)?
87
Let h(c) = c**3 - 6*c**2 + 3*c + 5. Calculate h(5).
-5
Let p(x) = -2*x**2 - 6*x - 6. Determine p(-4).
-14
Let l(q) = -q**3 - 6*q**2 - 8*q - 8. What is l(-4)?
-8
Let s(m) = -m + 9. What is s(5)?
4
Let m(d) = d + 7. Give m(-6).
1
Let z(x) = -43*x - 129. Determine z(-3).
0
Let x(f) = -f**3 - 19*f**2 - 36*f + 8. What is x(-17)?
42
Let g(n) = 10*n - 9. What is g(-3)?
-39
Let h(t) = -t**2 + 5*t + 23. Calculate h(7).
9
Let u(p) = -3*p**2 + 6*p - 6. Calculate u(3).
-15
Let x(m) = 2*m**3 + 6*m**2 + 12*m + 5. Give x(-3).
-31
Let t(w) = -2*w**2 + 89*w - 125. Calculate t(43).
4
Let y(d) = d**3 + 4*d**2 - 15*d - 9. What is y(-6)?
9
Let y(f) = -f - 10. Calculate y(-14).
4
Let g(x) = -x**3 - 24*x**2 - 96*x + 5. Calculate g(-5).
10
Let o(u) = -37*u + 38. Calculate o(1).
1
Let k(d) = 17*d - 25. Determine k(4).
43
Let c(w) = 18*w - 10. Give c(4).
62
Let z(p) = 43*p**2 - 5*p - 3. Give z(-1).
45
Let x(s) = 5*s + 8. Determine x(-5).
-17
Let r(x) = 2*x**3 - 20*x**2 - 5*x + 57. Calculate r(10).
7
Let j(f) = -4*f**2 - 2. What is j(-2)?
-18
Let c(h) = 4*h**2 + 4*h + 7. What is c(-3)?
31
Let d(s) = -s**2 - 18*s - 37. Calculate d(-22).
-125
Let q(y) = 3*y**3 - 6*y**2 + 4*y - 4. Determine q(4).
108
Let l(g) = -2*g**2 + 16*g + 4. Determine l(11).
-62
Let g(u) = 5*u + 3. What is g(5)?
28
Let z(l) = 2*l**2 + 6*l - 6. Calculate z(-5).
14
Let o(v) = v**2 + 38*v + 325. Calculate o(-13).
0
Let l(q) = 8*q + 15. Give l(-2).
-1
Let l(g) = -2*g**2 - 5*g + 41. Determine l(4).
-11
Let p(m) = -3*m**2 - 6*m + 26. Calculate p(-4).
2
Let d(j) = -j**2 - j + 7. Determine d(2).
1
Let m(p) = -p**3 - 16*p**2 - 4*p - 24. Calculate m(-16).
40
Let f(h) = 6*h**3 + h**2 - 6*h + 2. Determine f(3).
155
Let p(z) = 2*z**2 + z + 5. Determine p(-3).
20
Let i(q) = -q**3 + 10*q**2 + 9*q + 9. Calculate i(11).
-13
Let f(v) = v**2 - 9*v - 1. What is f(5)?
-21
Let c(m) = m**3 - 9*m**2 - 22*m - 4. Give c(11).
-4
Let h(b) = -28*b - 188. Calculate h(-7).
8
Let o(a) = -a**2 + 15*a + 9. Give o(15).
9
Let z(w) = -7*w - 14. Calculate z(-6).
28
Let u(b) = -b + 15. Determine u(-2).
17
Let r(m) = -m**3 - m**2 - 16*m + 59. Give r(3).
-25
Let i(m) = 3*m**2 + 6*m + 12. Calculate i(-6).
84
Let o(c) = -6*c**2 + 84*c + 200. What is o(16)?
8
Let m(r) = -r**3 - 5*r**2 + 11*r + 20. Give m(-6).
-10
Let v(c) = c**2 - 32*c + 259. Determine v(17).
4
Let q(g) = -g + 9. Give q(22).
-13
Let o(n) = -4*n + 34. What is o(17)?
-34
Let g(c) = c**2 + 5*c - 55. Determine g(-11).
11
Let j(r) = 6*r**3 - 2*r**2. What is j(-2)?
-56
Let f(o) = -o + 6. Calculate f(3).
3
Let w(b) = b**2 + 40*b - 175. Determine w(4).
1
Let b(j) = j**2 + 4*j + 37. Give b(-11).
114
Let w(f) = -3*f**2 + f + 8. Give w(4).
-36
Let h(g) = -g**2 + 18. What is h(-7)?
-31
Let u(z) = -z**3 - 6*z**2 + 33*z + 52. What is u(-9)?
-2
Let t(r) = 8*r - 31. What is t(4)?
1
Let a(i) = -i**3 + 5*i**2 + 2*i + 4. Give a(6).
-20
Let w(q) = q**3 - 12*q**2 - 12*q + 1. What is w(13)?
14
Let z(b) = -4*b - 50. Calculate z(-13).
2
Let v(k) = -k**2 + 11*k + 4. Determine v(12).
-8
Let p(u) = u**3 - 5*u**2 + 6*u + 6. Determine p(3).
6
Let c(d) = -d**3 - 4*d**2 + d + 5. What is c(-5)?
25
Let i(z) = 6*z + 125. Determine i(-22).
-7
Let r(c) = -2*c**2 - 4*c - 7. Calculate r(-6).
-55
Let q(p) = -p**3 + 12*p**2 - 22*p + 11. Determine q(10).
-9
Let l(b) = -2*b**3 - 2*b**2 + 9*b - 12. Give l(5).
-267
Let r(a) = -a**2 - 16*a - 6. Give r(-16).
-6
Let r(w) = 2*w**2 + 10*w - 1. Determine r(-5).
-1
Let n(d) = d**3 - 5*d**2 - 6*d + 4. What is n(5)?
-26
Let g(r) = 2*r**2 + r - 14. Give g(4).
22
Let z(c) = -c**2 + c - 37. Give z(0).
-37
Let t(s) = -s**3 + 2*s + 3. What is t(-1)?
2
Let t(r) = -r**2 - r + 3. Give t(0).
3
Let s(r) = r**3 + 9*r**2 + 7*r - 7. Give s(-8).
1
Let s(p) = 3*p**2 - 27*p - 23. Give s(10).
7
Let s(p) = -p**3 - 8*p**2 - 8*p - 11. What is s(-7)?
-4
Let f(l) = l**3 + 19*l**2 - 18*l + 40. Determine f(-20).
0
Let x(a) = -7*a - 104. Give x(-16).
8
Let b(t) = t**2 - t - 6. Give b(3).
0
Let j(q) = -q**2 + 6*q + 5. Determine j(4).
13
Let f(o) = 2*o**2 + 2*o + 9. Calculate f(0).
9
Let o(w) = 2*w**3 - 6*w**2 + 8*w - 6. What is o(3)?
18
Let h(k) = 2*k**2 - k. What is h(-2)?
10
Let v(o) = o**2 + 9*o + 10. Calculate v(-7).
-4
Let t(x) = 3*x**3 + 11*x**2 + x + 7. Calculate t(-3).
22
Let x(r) = r**2 + 10*r - 9. Give x(-8).
-25
Let k(z) = -z**3 - 57*z**2 - 110*z + 6. What is k(-55)?
6
Let j(v) = -v**3 - 10*v**2 - 3*v - 14. Give j(-10).
16
Let d(f) = 4*f**2 - 4*f + 2. Give d(2).
10
Let j(g) = -2*g**3 + 4*g**2 - g + 3. Calculate j(3).
-18
Let o(z) = 17*z**2 + 2*z + 2. What is o(-1)?
17
Let i(k) = -k**3 + 4*k + 8. Calculate i(-3).
23
Let k(x) = 12*x**3 - x**2 - 3*x - 2. Give k(-1).
-12
Let v(c) = 14*c - 12. What is v(0)?
-12
Let l(o) = -2*o**3 + 9*o**2 + 17*o - 6. Determine l(-2).
12
Let n(t) = t**3 - 8*t**2 - 27*t + 19. Give n(9).
-143
Let b(x) = -x**3 + 13*x**2 - 16*x + 4. Calculate b(11).
70
Let v(p) = -3*p - 23. What is v(13)?
-62
Let u(t) = t**2 - 11*t + 1. Calculate u(10).
-9
Let b(x) = 6*x - 27. Give b(4).
-3
Let n(q) = q**3 + 8*q**2 + 13*q + 5. What is n(-6)?
-1
Let a(l) = l**3 - 6*l**2 - 16*l - 2. Calculate a(8).
-2
Let q(u) = -u**3 - u**2 + 25*u - 17. Give q(4).
3
Let f(q) = -q**3 + 2*q**2 - 2*q + 1. Calculate f(2).
-3
Let t(r) = -r**3 + 7*r**2 - 5*r + 8. What is t(6)?
14
Let h(m) = m**2 - 4*m - 3. Determine h(-3).
18
Let h(o) = o**2 - 6*o + 13. Determine h(4).
5
Let q(r) = -4*r**2 - 4*r + 3. Calculate q(3).
-45
Let s(j) = 4*j + 38. What is s(-11)?
-6
Let b(q) = -q**3 + 7*q**2 - 5*q - 35. What is b(5)?
-10
Let w(c) = 2*c**2 - 93*c + 44. Give w(46).
-2
Let n(h) = 19*h + 447. Determine n(-23).
10
Let z(f) = f**3 - 7*f**2 - f + 13. Determine z(7).
6
Let u(s) = -5*s - 91. Determine u(-18).
-1
Let a(y) = 9*y + 4. Give a(-6).
-50
Let r(m) = 6*m**2 + 36*m - 6. Determine r(-6).
-6
Let w(f) = 10*f + 16. Determine w(-6).
-44
Let u(s) = 11*s**2 + s - 1. Give u(-2).
41
Let r(o) = 4*o + 66. Give r(-16).
2
Let t(q) = -7*q + 15. Give t(2).
1
Let w(a) = -18*a**2 + 2*a + 1. What is w(2)?
-67
Let n(p) = -7*p + 7. Give n(2).
-7
Let b(p) = -p**2 - 4*p + 12. Determine b(-6).
0
Let b(f) = -f**3 - 10*f**2 - 3. Determine b(-10).
-3
Let b(i) = i**3 - 9*i**2 - 6*i + 5. Calculate b(10).
45
Let n(f) = f + 2. What is n(5)?
7
Let y(w) = -w**3 + 35*w**2 + 72*w + 90. What is y(37)?
16
Let n(z) = -5*z**2 - 56*z + 55. Determine n(1).
-6
Let v(l) = l**3 - l**2 - l + 40. What is v(0)?
40
Let b(y) = -y**2 + 41*y - 183. What is b(5)?
-3
Let x(o) = o**2 - 10*o - 1. Give x(8).
-17
Let r(c) = c**2 - 12*c + 26. Calculate r(5).
-9
Let b(q) = q**2 - 10*q - 12. Determine b(9).
-21
Let m(o) = -3*o**2 + o + 5. Determine m(-2).
-9
Let s(t) = -t + 32. Determine s(23).
9
Let r(c) = c**3 - 3*c**2 - 3*c + 3. Calculate r(3).
-6
Let g(x) = x - 20. Calculate g(9).
-11
Let r(w) = 5*w - 11. Calculate r(10).
39
Let z(g) = -g**2 + 22*g - 2. Give z(22).
-2
Let s(n) = -n**3 - 27*n**2 + 27*n - 16. Det